{"id":224,"date":"2020-03-26T15:30:41","date_gmt":"2020-03-26T15:30:41","guid":{"rendered":"http:\/\/alexandraschewski.de\/?page_id=224"},"modified":"2025-11-30T09:36:35","modified_gmt":"2025-11-30T09:36:35","slug":"leinwand-2","status":"publish","type":"page","link":"https:\/\/alexandraschewski.de\/?page_id=224","title":{"rendered":"Malerei"},"content":{"rendered":"\n<div style=\"height:10px\" aria-hidden=\"true\" class=\"wp-block-spacer\"><\/div>\n\n\n<div class=\"wp-block-image\">\n<figure class=\"alignleft size-full is-resized\"><img loading=\"lazy\" decoding=\"async\" width=\"840\" height=\"978\" src=\"https:\/\/alexandraschewski.de\/wp-content\/uploads\/2025\/11\/gestaffelt_2016_150dpi_840px_2025.jpg\" alt=\"\" class=\"wp-image-751\" style=\"width:840px;height:auto\" srcset=\"https:\/\/alexandraschewski.de\/wp-content\/uploads\/2025\/11\/gestaffelt_2016_150dpi_840px_2025.jpg 840w, https:\/\/alexandraschewski.de\/wp-content\/uploads\/2025\/11\/gestaffelt_2016_150dpi_840px_2025-258x300.jpg 258w, https:\/\/alexandraschewski.de\/wp-content\/uploads\/2025\/11\/gestaffelt_2016_150dpi_840px_2025-768x894.jpg 768w\" sizes=\"auto, (max-width: 840px) 100vw, 840px\" \/><\/figure><\/div>\n\n\n<div style=\"height:1px\" aria-hidden=\"true\" class=\"wp-block-spacer\"><\/div>\n\n\n\n<p>gestaffelt<br>2016 <br>\u00d6l auf Leinwand<br>140&#215;120 cm<\/p>\n\n\n<div class=\"wp-block-image is-resized\">\n<figure class=\"alignleft size-full\"><img loading=\"lazy\" decoding=\"async\" width=\"840\" height=\"977\" src=\"https:\/\/alexandraschewski.de\/wp-content\/uploads\/2025\/11\/haengend_150dpi_840px_bearbeitet2025.jpg\" alt=\"\" class=\"wp-image-749\" style=\"width:840px;height:auto\" srcset=\"https:\/\/alexandraschewski.de\/wp-content\/uploads\/2025\/11\/haengend_150dpi_840px_bearbeitet2025.jpg 840w, https:\/\/alexandraschewski.de\/wp-content\/uploads\/2025\/11\/haengend_150dpi_840px_bearbeitet2025-258x300.jpg 258w, https:\/\/alexandraschewski.de\/wp-content\/uploads\/2025\/11\/haengend_150dpi_840px_bearbeitet2025-768x893.jpg 768w\" sizes=\"auto, (max-width: 840px) 100vw, 840px\" \/><\/figure><\/div>\n\n\n<div style=\"height:1px\" aria-hidden=\"true\" class=\"wp-block-spacer\"><\/div>\n\n\n\n<p>h\u00e4ngend<br>2016<br>\u00d6l auf Leinwand<br>140&#215;120 cm<\/p>\n\n\n\n<div style=\"height:1px\" aria-hidden=\"true\" class=\"wp-block-spacer\"><\/div>\n\n\n<div class=\"wp-block-image is-resized\">\n<figure class=\"alignleft size-full\"><img loading=\"lazy\" decoding=\"async\" width=\"840\" height=\"1251\" src=\"https:\/\/alexandraschewski.de\/wp-content\/uploads\/2025\/11\/Form1_2016_150dpi_840.jpg\" alt=\"\" class=\"wp-image-756\" style=\"width:840px;height:auto\" srcset=\"https:\/\/alexandraschewski.de\/wp-content\/uploads\/2025\/11\/Form1_2016_150dpi_840.jpg 840w, https:\/\/alexandraschewski.de\/wp-content\/uploads\/2025\/11\/Form1_2016_150dpi_840-201x300.jpg 201w, https:\/\/alexandraschewski.de\/wp-content\/uploads\/2025\/11\/Form1_2016_150dpi_840-688x1024.jpg 688w, https:\/\/alexandraschewski.de\/wp-content\/uploads\/2025\/11\/Form1_2016_150dpi_840-768x1144.jpg 768w\" sizes=\"auto, (max-width: 840px) 100vw, 840px\" \/><\/figure><\/div>\n\n\n<div style=\"height:1px\" aria-hidden=\"true\" class=\"wp-block-spacer\"><\/div>\n\n\n\n<p>Form (1)<br>2016<br>\u00d6l auf Leinwand<br>33&#215;22 cm<\/p>\n\n\n\n<div style=\"height:1px\" aria-hidden=\"true\" class=\"wp-block-spacer\"><\/div>\n\n\n<div class=\"wp-block-image is-resized\">\n<figure class=\"alignleft size-full\"><img loading=\"lazy\" decoding=\"async\" width=\"840\" height=\"1075\" src=\"https:\/\/alexandraschewski.de\/wp-content\/uploads\/2025\/11\/Koerper_2015_150dpi_840px_2025.jpg\" alt=\"\" class=\"wp-image-761\" style=\"width:840px;height:auto\" srcset=\"https:\/\/alexandraschewski.de\/wp-content\/uploads\/2025\/11\/Koerper_2015_150dpi_840px_2025.jpg 840w, https:\/\/alexandraschewski.de\/wp-content\/uploads\/2025\/11\/Koerper_2015_150dpi_840px_2025-234x300.jpg 234w, https:\/\/alexandraschewski.de\/wp-content\/uploads\/2025\/11\/Koerper_2015_150dpi_840px_2025-800x1024.jpg 800w, https:\/\/alexandraschewski.de\/wp-content\/uploads\/2025\/11\/Koerper_2015_150dpi_840px_2025-768x983.jpg 768w\" sizes=\"auto, (max-width: 840px) 100vw, 840px\" \/><\/figure><\/div>\n\n\n<div style=\"height:1px\" aria-hidden=\"true\" class=\"wp-block-spacer\"><\/div>\n\n\n\n<p>K\u00f6rper (Beh\u00e4lter)<br>2015<br>\u00d6l auf Leinwand<br>36&#215;28 cm<\/p>\n\n\n\n<div style=\"height:1px\" aria-hidden=\"true\" class=\"wp-block-spacer\"><\/div>\n\n\n<div class=\"wp-block-image is-resized\">\n<figure class=\"alignleft size-full\"><img loading=\"lazy\" decoding=\"async\" width=\"840\" height=\"1032\" src=\"https:\/\/alexandraschewski.de\/wp-content\/uploads\/2025\/11\/Form1_2015_150dpi_840px_2025.jpg\" alt=\"\" class=\"wp-image-763\" style=\"width:840px;height:auto\" srcset=\"https:\/\/alexandraschewski.de\/wp-content\/uploads\/2025\/11\/Form1_2015_150dpi_840px_2025.jpg 840w, https:\/\/alexandraschewski.de\/wp-content\/uploads\/2025\/11\/Form1_2015_150dpi_840px_2025-244x300.jpg 244w, https:\/\/alexandraschewski.de\/wp-content\/uploads\/2025\/11\/Form1_2015_150dpi_840px_2025-833x1024.jpg 833w, https:\/\/alexandraschewski.de\/wp-content\/uploads\/2025\/11\/Form1_2015_150dpi_840px_2025-768x944.jpg 768w\" sizes=\"auto, (max-width: 840px) 100vw, 840px\" \/><\/figure><\/div>\n\n\n<div style=\"height:1px\" aria-hidden=\"true\" class=\"wp-block-spacer\"><\/div>\n\n\n\n<p>Form (1)<br>2015<br>\u00d6l auf Leinwand <br>50&#215;40 cm<\/p>\n\n\n\n<div style=\"height:1px\" aria-hidden=\"true\" class=\"wp-block-spacer\"><\/div>\n\n\n<div class=\"wp-block-image is-resized\">\n<figure class=\"alignleft size-full\"><img loading=\"lazy\" decoding=\"async\" width=\"840\" height=\"1257\" src=\"https:\/\/alexandraschewski.de\/wp-content\/uploads\/2025\/11\/Flaeche1_2016_150dpi_840px_2025.jpg\" alt=\"\" class=\"wp-image-770\" style=\"width:840px;height:auto\" srcset=\"https:\/\/alexandraschewski.de\/wp-content\/uploads\/2025\/11\/Flaeche1_2016_150dpi_840px_2025.jpg 840w, https:\/\/alexandraschewski.de\/wp-content\/uploads\/2025\/11\/Flaeche1_2016_150dpi_840px_2025-200x300.jpg 200w, https:\/\/alexandraschewski.de\/wp-content\/uploads\/2025\/11\/Flaeche1_2016_150dpi_840px_2025-684x1024.jpg 684w, https:\/\/alexandraschewski.de\/wp-content\/uploads\/2025\/11\/Flaeche1_2016_150dpi_840px_2025-768x1149.jpg 768w\" sizes=\"auto, (max-width: 840px) 100vw, 840px\" \/><\/figure><\/div>\n\n\n<div style=\"height:1px\" aria-hidden=\"true\" class=\"wp-block-spacer\"><\/div>\n\n\n\n<p>Fl\u00e4che (1) <br>2016<br>\u00d6l auf Leinwand <br>33&#215;22 cm<\/p>\n\n\n\n<div style=\"height:1px\" aria-hidden=\"true\" class=\"wp-block-spacer\"><\/div>\n\n\n<div class=\"wp-block-image is-resized\">\n<figure class=\"alignleft size-full\"><img loading=\"lazy\" decoding=\"async\" width=\"839\" height=\"1041\" src=\"https:\/\/alexandraschewski.de\/wp-content\/uploads\/2025\/11\/Hocker_2013_150dpi_840px_2025.jpg\" alt=\"\" class=\"wp-image-769\" style=\"width:840px;height:auto\" srcset=\"https:\/\/alexandraschewski.de\/wp-content\/uploads\/2025\/11\/Hocker_2013_150dpi_840px_2025.jpg 839w, https:\/\/alexandraschewski.de\/wp-content\/uploads\/2025\/11\/Hocker_2013_150dpi_840px_2025-242x300.jpg 242w, https:\/\/alexandraschewski.de\/wp-content\/uploads\/2025\/11\/Hocker_2013_150dpi_840px_2025-825x1024.jpg 825w, https:\/\/alexandraschewski.de\/wp-content\/uploads\/2025\/11\/Hocker_2013_150dpi_840px_2025-768x953.jpg 768w\" sizes=\"auto, (max-width: 839px) 100vw, 839px\" \/><\/figure><\/div>\n\n\n<div style=\"height:1px\" aria-hidden=\"true\" class=\"wp-block-spacer\"><\/div>\n\n\n\n<p>Hocker<br>2013<br>\u00d6l auf Leinwand <br>50&#215;40 cm<\/p>\n\n\n\n<div style=\"height:1px\" aria-hidden=\"true\" class=\"wp-block-spacer\"><\/div>\n\n\n\n<figure class=\"wp-block-image size-full\"><img loading=\"lazy\" decoding=\"async\" width=\"840\" height=\"651\" src=\"https:\/\/alexandraschewski.de\/wp-content\/uploads\/2025\/11\/6-Veranda-1-2008-28x36_840px.jpg\" alt=\"\" class=\"wp-image-768\" srcset=\"https:\/\/alexandraschewski.de\/wp-content\/uploads\/2025\/11\/6-Veranda-1-2008-28x36_840px.jpg 840w, https:\/\/alexandraschewski.de\/wp-content\/uploads\/2025\/11\/6-Veranda-1-2008-28x36_840px-300x233.jpg 300w, https:\/\/alexandraschewski.de\/wp-content\/uploads\/2025\/11\/6-Veranda-1-2008-28x36_840px-768x595.jpg 768w\" sizes=\"auto, (max-width: 840px) 100vw, 840px\" \/><\/figure>\n\n\n\n<p>Veranda (1)<br>2008<br>\u00d6l auf Leinwand<br>28&#215;36 cm<\/p>\n\n\n\n<div style=\"height:1px\" aria-hidden=\"true\" class=\"wp-block-spacer\"><\/div>\n\n\n<div class=\"wp-block-image\">\n<figure class=\"alignleft size-full\"><img loading=\"lazy\" decoding=\"async\" width=\"840\" height=\"550\" src=\"https:\/\/alexandraschewski.de\/wp-content\/uploads\/2025\/11\/1-Auf-dem-Dach-1-22x33-2007_150dpi_840px_2025.jpg\" alt=\"\" class=\"wp-image-767\" srcset=\"https:\/\/alexandraschewski.de\/wp-content\/uploads\/2025\/11\/1-Auf-dem-Dach-1-22x33-2007_150dpi_840px_2025.jpg 840w, https:\/\/alexandraschewski.de\/wp-content\/uploads\/2025\/11\/1-Auf-dem-Dach-1-22x33-2007_150dpi_840px_2025-300x196.jpg 300w, https:\/\/alexandraschewski.de\/wp-content\/uploads\/2025\/11\/1-Auf-dem-Dach-1-22x33-2007_150dpi_840px_2025-768x503.jpg 768w\" sizes=\"auto, (max-width: 840px) 100vw, 840px\" \/><\/figure><\/div>\n\n\n<div style=\"height:1px\" aria-hidden=\"true\" class=\"wp-block-spacer\"><\/div>\n\n\n\n<p>Auf dem Dach<br>2007<br>\u00d6l auf Leinwand<br>22&#215;33 cm<\/p>\n\n\n\n<div style=\"height:1px\" aria-hidden=\"true\" class=\"wp-block-spacer\"><\/div>\n\n\n<div class=\"wp-block-image\">\n<figure class=\"alignleft size-large is-resized\"><img loading=\"lazy\" decoding=\"async\" width=\"724\" height=\"1024\" src=\"https:\/\/alexandraschewski.de\/wp-content\/uploads\/2025\/11\/Eingang1_150dpi_840px_2025-724x1024.jpg\" alt=\"\" class=\"wp-image-765\" style=\"width:840px\" srcset=\"https:\/\/alexandraschewski.de\/wp-content\/uploads\/2025\/11\/Eingang1_150dpi_840px_2025-724x1024.jpg 724w, https:\/\/alexandraschewski.de\/wp-content\/uploads\/2025\/11\/Eingang1_150dpi_840px_2025-212x300.jpg 212w, https:\/\/alexandraschewski.de\/wp-content\/uploads\/2025\/11\/Eingang1_150dpi_840px_2025-768x1086.jpg 768w, https:\/\/alexandraschewski.de\/wp-content\/uploads\/2025\/11\/Eingang1_150dpi_840px_2025.jpg 840w\" sizes=\"auto, (max-width: 724px) 100vw, 724px\" \/><\/figure><\/div>\n\n\n<div style=\"height:1px\" aria-hidden=\"true\" class=\"wp-block-spacer\"><\/div>\n\n\n\n<p>Eingang (1)<br>2010<br>\u00d6l auf Leinwand<br>33,4&#215;22,7 cm<\/p>\n\n\n\n<p><\/p>\n","protected":false},"excerpt":{"rendered":"<p>gestaffelt2016 \u00d6l auf Leinwand140&#215;120 cm h\u00e4ngend2016\u00d6l auf Leinwand140&#215;120 cm Form (1)2016\u00d6l auf Leinwand33&#215;22 cm K\u00f6rper (Beh\u00e4lter)2015\u00d6l auf Leinwand36&#215;28 cm Form (1)2015\u00d6l auf Leinwand 50&#215;40 cm Fl\u00e4che (1) 2016\u00d6l auf Leinwand 33&#215;22 cm Hocker2013\u00d6l auf Leinwand 50&#215;40 cm Veranda (1)2008\u00d6l auf Leinwand28&#215;36 cm Auf dem Dach2007\u00d6l auf Leinwand22&#215;33 cm Eingang (1)2010\u00d6l auf Leinwand33,4&#215;22,7 cm<\/p>\n","protected":false},"author":1,"featured_media":0,"parent":0,"menu_order":0,"comment_status":"closed","ping_status":"closed","template":"","meta":{"footnotes":""},"class_list":["post-224","page","type-page","status-publish","hentry"],"_links":{"self":[{"href":"https:\/\/alexandraschewski.de\/index.php?rest_route=\/wp\/v2\/pages\/224","targetHints":{"allow":["GET"]}}],"collection":[{"href":"https:\/\/alexandraschewski.de\/index.php?rest_route=\/wp\/v2\/pages"}],"about":[{"href":"https:\/\/alexandraschewski.de\/index.php?rest_route=\/wp\/v2\/types\/page"}],"author":[{"embeddable":true,"href":"https:\/\/alexandraschewski.de\/index.php?rest_route=\/wp\/v2\/users\/1"}],"replies":[{"embeddable":true,"href":"https:\/\/alexandraschewski.de\/index.php?rest_route=%2Fwp%2Fv2%2Fcomments&post=224"}],"version-history":[{"count":41,"href":"https:\/\/alexandraschewski.de\/index.php?rest_route=\/wp\/v2\/pages\/224\/revisions"}],"predecessor-version":[{"id":943,"href":"https:\/\/alexandraschewski.de\/index.php?rest_route=\/wp\/v2\/pages\/224\/revisions\/943"}],"wp:attachment":[{"href":"https:\/\/alexandraschewski.de\/index.php?rest_route=%2Fwp%2Fv2%2Fmedia&parent=224"}],"curies":[{"name":"wp","href":"https:\/\/api.w.org\/{rel}","templated":true}]}}