{"id":130,"date":"2020-03-26T06:36:09","date_gmt":"2020-03-26T06:36:09","guid":{"rendered":"http:\/\/alexandraschewski.de\/?page_id=130"},"modified":"2025-11-13T14:31:38","modified_gmt":"2025-11-13T14:31:38","slug":"info","status":"publish","type":"page","link":"https:\/\/alexandraschewski.de\/?page_id=130","title":{"rendered":"Info"},"content":{"rendered":"\n<div style=\"height:10px\" aria-hidden=\"true\" class=\"wp-block-spacer\"><\/div>\n\n\n\n<p>Alexandra Schewski lebt und arbeitet in Dresden.<\/p>\n\n\n\n<p>2019-2020 Arbeitsaufenthalt in Shanghai, China <strong>2007-2015<\/strong>&nbsp;Studium der Germanistik\/ Kunstp\u00e4dagogik\/ DaZ, TU Dresden&nbsp;<strong>2002-2004<\/strong>&nbsp;Meistersch\u00fclerstudium bei Prof. H. P. Adamski, Hochschule f\u00fcr Bildende K\u00fcnste Dresden&nbsp;<strong>2002<\/strong>&nbsp;Diplom, Hochschule f\u00fcr Bildende K\u00fcnste Dresden&nbsp;<strong>1997-2002<\/strong>&nbsp;Studium Freie Malerei\/ Grafik, Hochschule f\u00fcr Bildende K\u00fcnste Dresden<\/p>\n\n\n\n<p>STIPENDIEN\/ F\u00d6RDERUNG<\/p>\n\n\n\n<p><strong>2013<\/strong>&nbsp;Arbeitsstipendium im K\u00fcnstlerhaus Lukas, gef\u00f6rdert durch das Land&nbsp;Mecklenburg- Vorpommern <strong>2009<\/strong>&nbsp;Aufenthaltsstipendium des Landes Brandenburg im K\u00fcnstlerhaus&nbsp;Schloss Wiepersdorf&nbsp;<strong>2008<\/strong>&nbsp;Kommunale Kulturf\u00f6rderung der Landeshauptstadt Dresden,&nbsp;Teilf\u00f6rderung der Ausstellung \u2018infern\u2019&nbsp;<strong>2005<\/strong>&nbsp;Arbeitsstipendium, Kommunale Kulturf\u00f6rderung der Landeshauptstadt Dresden<\/p>\n\n\n\n<p>AUSSTELLUNGEN<\/p>\n\n\n\n<p><strong>2025<\/strong> ON PRINTED MATTERS, Galerie Ursula Walter, Dresden (G) 15 JAHRE SCHAU FENSTER, Schau Fenster, Berlin (G) <strong>2023-2025<\/strong> PROJECT BABEL (fortlaufend, G), 2025 Niihama City Museum of Art, Ehime, Japan, 2024 Galleri Valdal, Copenhagen\/Valby, D\u00e4nemark; Constellation Studios, Lincoln Nebraska, USA; 2023 Galleria Ratamo, Jyv\u00e4skyl\u00e4, Finnland (G) <strong>2023 <\/strong>100 + 1 JAHR DIN-A4, Schauf Fenster, Berlin (G) \/ WINTERSALON, Kunstverein Mei\u00dfen, Mei\u00dfen (G) <strong>2022<\/strong> 11 JAHRE SALZ-VERLAG \u2026 und weiter als w\u00e4r\u2019 nichts gewesen \u2013 Werkstatt und Verlag im kollektiven Experimentiermodus, Neue S\u00e4chsische Galerie, Chemnitz (G) \/ ZWEILICHT<em>, <\/em>K\u00fcnstler*innen laden K\u00fcnstler*innen ein, zusammen mit Henning Grie\u00dfbach, Galerie f\u00fcr Gegenwartskunst, E-Werk Freiburg (D) <strong>2021\/2022<\/strong> EXQUISIT, Druckgrafik, Schau Fenster, Berlin (G) \/ PROTOTYPEN &#8211; MUSTER UND VISION, St\u00e4dtische Galerie Dresden, Dresden (G) \/ <strong>2021<\/strong> LINEUP, Kunstverein Mei\u00dfen (G) <strong>2020<\/strong> EXISTENZ KAPITEL 2, Oktogon, Kunsthalle HfBK Dresden (G)<strong> 2018<\/strong>\u00a0FUNDUS, Kunstraum Neu Deli, Leipzig (S) \/\u00a0MOTTE 3 typisch, K\u00fcnstlerbuchpr\u00e4sentation, Goldene Pforte, Dresden (G)\u00a0<strong>2017<\/strong>\u00a0TIEF + HOCH- Aktuelle Positionen Dresdner Druckk\u00fcnstler, Galerie Sybille N\u00fctt und Hans K\u00f6rnig Museum, Dresden (G) \/\u00a0DELIKAT Kunstraum Neu Deli, Leipzig (G)\u00a0<strong>2016<\/strong>\u00a0K\u00dcNSTLERHAUS SCHLOSS WIEPERSDORF ZU GAST IM KunstHaus Potsdam, Kunstverein KunstHaus Potsdam (G)\u00a0<strong>2015<\/strong>\u00a0GRAYSCALE, mit Jan Kromke und Johanna Pihlajamaa, Galleria Ratamo, Jyv\u00e4skyl\u00e4, Finnland (G)\u00a0<strong>2013<\/strong> STIPENDIATENAUSSTELLUNG, K\u00fcnstlerhaus Lukas, Ahrenshoop (G)\u00a0<strong>2011<\/strong>\u00a0EIN HAUCH VON EDEN, Galerie Alte Wache, Cuxhaven (G) \/\u00a0F\u00dcR DIE MIT DER SEHNSUCHT, Kunstraum Peripherie, Coburg (G)\u00a0<strong>2009<\/strong>\u00a0STIPENDIATENAUSSTELLUNG, Tankhalle, K\u00fcnstlerhaus Schloss Wiepersdorf (G)\u00a0EPILOG, Schauspielhaus Dresden (G) \/\u00a0UNSCHEIN, Galerie Junge Kunst, Kunstverein Trier (S)\u00a0<strong>2008<\/strong>\u00a0PZZ 2, Positionen Zeitgen\u00f6ssischer Zeichnung 2,\u00a0Delikatessenhaus, Leipzig (G) \/\u00a0INFERN, Galerie treibhaus, Dresden (S)\u00a0<strong>2006<\/strong>\u00a0SEITENSTREIFEN, Ausstellung mit Jan Kromke, Galerie, HfBK Dresden (D)\u00a0<strong>2004<\/strong> LICHTER, Typoart Dresden (G)\u00a0<strong>2003<\/strong> 14 TAGE, Bautzner Stra\u00dfe, Dresden (G) \/\u00a0CLENCH, Schauspielhaus Dresden (S) \/\u00a0AND NOW.<em>..<\/em>, Festung K\u00f6nigstein (G)\u00a0<strong>2002<\/strong>\u00a0DASBILD., Galerie am Kietz, Schwedt\/Oder (G) \/<em>\u00a0<\/em>POOL, Diplom, HfBK Dresden<\/p>\n\n\n\n<div class=\"wp-block-group\"><div class=\"wp-block-group__inner-container is-layout-flow wp-block-group-is-layout-flow\">\n<p>G= Gruppenausstellung; D = Duo; S= Einzelausstellung<\/p>\n<\/div><\/div>\n\n\n\n<p><\/p>\n","protected":false},"excerpt":{"rendered":"<p>Alexandra Schewski lebt und arbeitet in Dresden. 2019-2020 Arbeitsaufenthalt in Shanghai, China 2007-2015&nbsp;Studium der Germanistik\/ Kunstp\u00e4dagogik\/ DaZ, TU Dresden&nbsp;2002-2004&nbsp;Meistersch\u00fclerstudium bei Prof. H. P. Adamski, Hochschule f\u00fcr Bildende K\u00fcnste Dresden&nbsp;2002&nbsp;Diplom, Hochschule f\u00fcr Bildende K\u00fcnste Dresden&nbsp;1997-2002&nbsp;Studium Freie Malerei\/ Grafik, Hochschule f\u00fcr Bildende K\u00fcnste Dresden STIPENDIEN\/ F\u00d6RDERUNG 2013&nbsp;Arbeitsstipendium im K\u00fcnstlerhaus Lukas, gef\u00f6rdert durch das Land&nbsp;Mecklenburg- Vorpommern 2009&nbsp;Aufenthaltsstipendium des &hellip;<\/p>\n","protected":false},"author":1,"featured_media":0,"parent":0,"menu_order":0,"comment_status":"closed","ping_status":"closed","template":"","meta":{"footnotes":""},"class_list":["post-130","page","type-page","status-publish","hentry"],"_links":{"self":[{"href":"https:\/\/alexandraschewski.de\/index.php?rest_route=\/wp\/v2\/pages\/130","targetHints":{"allow":["GET"]}}],"collection":[{"href":"https:\/\/alexandraschewski.de\/index.php?rest_route=\/wp\/v2\/pages"}],"about":[{"href":"https:\/\/alexandraschewski.de\/index.php?rest_route=\/wp\/v2\/types\/page"}],"author":[{"embeddable":true,"href":"https:\/\/alexandraschewski.de\/index.php?rest_route=\/wp\/v2\/users\/1"}],"replies":[{"embeddable":true,"href":"https:\/\/alexandraschewski.de\/index.php?rest_route=%2Fwp%2Fv2%2Fcomments&post=130"}],"version-history":[{"count":41,"href":"https:\/\/alexandraschewski.de\/index.php?rest_route=\/wp\/v2\/pages\/130\/revisions"}],"predecessor-version":[{"id":930,"href":"https:\/\/alexandraschewski.de\/index.php?rest_route=\/wp\/v2\/pages\/130\/revisions\/930"}],"wp:attachment":[{"href":"https:\/\/alexandraschewski.de\/index.php?rest_route=%2Fwp%2Fv2%2Fmedia&parent=130"}],"curies":[{"name":"wp","href":"https:\/\/api.w.org\/{rel}","templated":true}]}}